{"id":479,"date":"2025-08-18T11:47:56","date_gmt":"2025-08-18T11:47:56","guid":{"rendered":"https:\/\/www.larebelledufil.fr\/?product=produit"},"modified":"2025-10-20T08:16:34","modified_gmt":"2025-10-20T08:16:34","slug":"produit","status":"publish","type":"product","link":"https:\/\/www.larebelledufil.fr\/?product=produit","title":{"rendered":"Produit"},"content":{"rendered":"<p>Je suis ton ami de tous les jours car tu peux me confier tous tes tracas.<br \/>\nDessine-les moi ou \u00e9cris-les \u00e9cris-les moi et je les mangerai !<br \/>\nJe suis rempli de ouate et je mesure 35 cm.<br \/>\nTu peux me laver \u00e0 40\u00b0.<\/p>\n","protected":false},"excerpt":{"rendered":"<p>Je suis ton ami de tous les jours car tu peux me confier tous tes tracas. Dessine-les moi ou \u00e9cris-les \u00e9cris-les moi et je les mangerai ! Je suis rempli de ouate et je mesure 35 cm. Tu peux me laver \u00e0 40\u00b0.<\/p>\n","protected":false},"featured_media":476,"comment_status":"open","ping_status":"closed","template":"","meta":[],"product_brand":[],"product_cat":[34],"product_tag":[],"class_list":{"0":"post-479","1":"product","2":"type-product","3":"status-publish","4":"has-post-thumbnail","6":"product_cat-mangesoucis","8":"first","9":"instock","10":"sold-individually","11":"purchasable","12":"product-type-simple"},"jetpack_sharing_enabled":true,"_links":{"self":[{"href":"https:\/\/www.larebelledufil.fr\/index.php?rest_route=\/wp\/v2\/product\/479","targetHints":{"allow":["GET"]}}],"collection":[{"href":"https:\/\/www.larebelledufil.fr\/index.php?rest_route=\/wp\/v2\/product"}],"about":[{"href":"https:\/\/www.larebelledufil.fr\/index.php?rest_route=\/wp\/v2\/types\/product"}],"replies":[{"embeddable":true,"href":"https:\/\/www.larebelledufil.fr\/index.php?rest_route=%2Fwp%2Fv2%2Fcomments&post=479"}],"wp:featuredmedia":[{"embeddable":true,"href":"https:\/\/www.larebelledufil.fr\/index.php?rest_route=\/wp\/v2\/media\/476"}],"wp:attachment":[{"href":"https:\/\/www.larebelledufil.fr\/index.php?rest_route=%2Fwp%2Fv2%2Fmedia&parent=479"}],"wp:term":[{"taxonomy":"product_brand","embeddable":true,"href":"https:\/\/www.larebelledufil.fr\/index.php?rest_route=%2Fwp%2Fv2%2Fproduct_brand&post=479"},{"taxonomy":"product_cat","embeddable":true,"href":"https:\/\/www.larebelledufil.fr\/index.php?rest_route=%2Fwp%2Fv2%2Fproduct_cat&post=479"},{"taxonomy":"product_tag","embeddable":true,"href":"https:\/\/www.larebelledufil.fr\/index.php?rest_route=%2Fwp%2Fv2%2Fproduct_tag&post=479"}],"curies":[{"name":"wp","href":"https:\/\/api.w.org\/{rel}","templated":true}]}}